[INFO] cloning repository https://github.com/GarfDev/proxy_checker
[INFO] running `Command { std: "git" "-c" "credential.helper=" "-c" "credential.helper=/workspace/cargo-home/bin/git-credential-null" "clone" "--bare" "https://github.com/GarfDev/proxy_checker" "/workspace/cache/git-repos/https%3A%2F%2Fgithub.com%2FGarfDev%2Fproxy_checker", kill_on_drop: false }`
[INFO] [stderr] Cloning into bare repository '/workspace/cache/git-repos/https%3A%2F%2Fgithub.com%2FGarfDev%2Fproxy_checker'...
[INFO] running `Command { std: "git" "rev-parse" "HEAD", kill_on_drop: false }`
[INFO] [stdout] a0961e03e7c7565d7cf17454affd58de90845f0a
[INFO] checking GarfDev/proxy_checker against master#cfbc6d4cf1acbac5c025acf8ed68929caa551df3 for pr-75494-beta
[INFO] running `Command { std: "git" "clone" "/workspace/cache/git-repos/https%3A%2F%2Fgithub.com%2FGarfDev%2Fproxy_checker" "/workspace/builds/worker-1/source", kill_on_drop: false }`
[INFO] [stderr] Cloning into '/workspace/builds/worker-1/source'...
[INFO] [stderr] done.
[INFO] validating manifest of git repo https://github.com/GarfDev/proxy_checker on toolchain cfbc6d4cf1acbac5c025acf8ed68929caa551df3
[INFO] running `Command { std: "/workspace/cargo-home/bin/cargo" "+cfbc6d4cf1acbac5c025acf8ed68929caa551df3" "read-manifest" "--manifest-path" "Cargo.toml", kill_on_drop: false }`
[INFO] started tweaking git repo https://github.com/GarfDev/proxy_checker
[INFO] finished tweaking git repo https://github.com/GarfDev/proxy_checker
[INFO] tweaked toml for git repo https://github.com/GarfDev/proxy_checker written to /workspace/builds/worker-1/source/Cargo.toml
[INFO] crate git repo https://github.com/GarfDev/proxy_checker already has a lockfile, it will not be regenerated
[INFO] running `Command { std: "/workspace/cargo-home/bin/cargo" "+cfbc6d4cf1acbac5c025acf8ed68929caa551df3" "fetch" "--locked" "--manifest-path" "Cargo.toml", kill_on_drop: false }`
[INFO] [stderr]     Blocking waiting for file lock on package cache
[INFO] [stderr]  Downloading crates ...
[INFO] [stderr]   Downloaded tokio-macros v0.2.5
[INFO] [stderr]   Downloaded tower-service v0.3.0
[INFO] [stderr]   Downloaded proc-macro-hack v0.5.15
[INFO] [stderr]   Downloaded futures-sink v0.3.5
[INFO] [stderr]   Downloaded pin-project v0.4.9
[INFO] [stderr]   Downloaded socket2 v0.3.12
[INFO] [stderr]   Downloaded mio-uds v0.6.7
[INFO] [stderr]   Downloaded pin-project-lite v0.1.4
[INFO] [stderr]   Downloaded winreg v0.6.2
[INFO] [stderr]   Downloaded mio-named-pipes v0.1.6
[INFO] [stderr]   Downloaded syn v1.0.18
[INFO] [stderr]   Downloaded reqwest v0.10.4
[INFO] [stderr]   Downloaded mime v0.3.16
[INFO] [stderr]   Downloaded schannel v0.1.18
[INFO] [stderr]   Downloaded cc v1.0.52
[INFO] [stderr]   Downloaded futures v0.3.5
[INFO] [stderr]   Downloaded pin-project-internal v0.4.9
[INFO] [stderr]   Downloaded futures-executor v0.3.5
[INFO] [stderr]   Downloaded once_cell v1.3.1
[INFO] [stderr]   Downloaded unicode-normalization v0.1.12
[INFO] [stderr]   Downloaded serde v1.0.106
[INFO] [stderr]   Downloaded url v2.1.1
[INFO] [stderr]   Downloaded h2 v0.2.4
[INFO] [stderr]   Downloaded libc v0.2.69
[INFO] [stderr]   Downloaded futures-io v0.3.5
[INFO] [stderr]   Downloaded wasm-bindgen-futures v0.4.12
[INFO] [stderr]   Downloaded arc-swap v0.4.6
[INFO] [stderr]   Downloaded openssl v0.10.29
[INFO] [stderr]   Downloaded native-tls v0.2.4
[INFO] [stderr]   Downloaded futures-util v0.3.5
[INFO] [stderr]   Downloaded futures-task v0.3.5
[INFO] [stderr]   Downloaded openssl-sys v0.9.55
[INFO] [stderr]   Downloaded want v0.3.0
[INFO] [stderr]   Downloaded serde_json v1.0.52
[INFO] [stderr]   Downloaded mime_guess v2.0.3
[INFO] [stderr]   Downloaded futures-macro v0.3.5
[INFO] [stderr]   Downloaded dtoa v0.4.5
[INFO] [stderr]   Downloaded wasm-bindgen v0.2.62
[INFO] [stderr]   Downloaded ryu v1.0.4
[INFO] [stderr]   Downloaded js-sys v0.3.39
[INFO] [stderr]   Downloaded proc-macro2 v1.0.10
[INFO] [stderr]   Downloaded wasm-bindgen-macro v0.2.62
[INFO] [stderr]   Downloaded hermit-abi v0.1.11
[INFO] [stderr]   Downloaded hyper v0.13.5
[INFO] [stderr]   Downloaded hyper-tls v0.4.1
[INFO] [stderr]   Downloaded futures-channel v0.3.5
[INFO] [stderr]   Downloaded wasm-bindgen-backend v0.2.62
[INFO] [stderr]   Downloaded wasm-bindgen-macro-support v0.2.62
[INFO] [stderr]   Downloaded proc-macro-nested v0.1.4
[INFO] [stderr]   Downloaded version_check v0.9.1
[INFO] [stderr]   Downloaded pin-utils v0.1.0
[INFO] [stderr]   Downloaded unicase v2.6.0
[INFO] [stderr]   Downloaded bytes v0.5.4
[INFO] [stderr]   Downloaded encoding_rs v0.8.22
[INFO] [stderr]   Downloaded wasm-bindgen-shared v0.2.62
[INFO] [stderr]   Downloaded vcpkg v0.2.8
[INFO] [stderr]   Downloaded web-sys v0.3.39
[INFO] [stderr]   Downloaded futures-core v0.3.5
[INFO] [stderr]   Downloaded http v0.2.1
[INFO] [stderr]   Downloaded http-body v0.3.1
[INFO] [stderr]   Downloaded security-framework-sys v0.4.3
[INFO] [stderr]   Downloaded tokio v0.2.18
[INFO] [stderr]   Downloaded httparse v1.3.4
[INFO] [stderr]   Downloaded base64 v0.11.0
[INFO] [stderr]   Downloaded tokio-util v0.3.1
[INFO] [stderr]   Downloaded security-framework v0.4.3
[INFO] [stderr]   Downloaded serde_urlencoded v0.6.1
[INFO] [stderr]   Downloaded tokio-tls v0.3.0
[INFO] [stderr]   Downloaded itoa v0.4.5
[INFO] [stderr]   Downloaded quote v1.0.3
[INFO] [stderr]   Downloaded bumpalo v3.2.1
[INFO] [stderr]   Downloaded indexmap v1.3.2
[INFO] running `Command { std: "docker" "create" "-v" "/var/lib/crater-agent-workspace/builds/worker-1/target:/opt/rustwide/target:rw,Z" "-v" "/var/lib/crater-agent-workspace/builds/worker-1/source:/opt/rustwide/workdir:ro,Z" "-v" "/var/lib/crater-agent-workspace/cargo-home:/opt/rustwide/cargo-home:ro,Z" "-v" "/var/lib/crater-agent-workspace/rustup-home:/opt/rustwide/rustup-home:ro,Z" "-e" "SOURCE_DIR=/opt/rustwide/workdir" "-e" "CARGO_TARGET_DIR=/opt/rustwide/target" "-e" "CARGO_HOME=/opt/rustwide/cargo-home" "-e" "RUSTUP_HOME=/opt/rustwide/rustup-home" "-w" "/opt/rustwide/workdir" "-m" "1610612736" "--user" "0:0" "--network" "none" "rustops/crates-build-env@sha256:a636fd89d022f18117e1dc8fb37a0a009933cdbbe082814857f0e2024962d47c" "/opt/rustwide/cargo-home/bin/cargo" "+cfbc6d4cf1acbac5c025acf8ed68929caa551df3" "metadata" "--no-deps" "--format-version=1", kill_on_drop: false }`
[INFO] [stdout] c1043cec2a0b699be8b0611eb3664a7ddd8ddc0a4421611b37292ec3a0e635ea
[INFO] [stderr] WARNING: Your kernel does not support swap limit capabilities or the cgroup is not mounted. Memory limited without swap.
[INFO] running `Command { std: "docker" "start" "-a" "c1043cec2a0b699be8b0611eb3664a7ddd8ddc0a4421611b37292ec3a0e635ea", kill_on_drop: false }`
[INFO] running `Command { std: "docker" "inspect" "c1043cec2a0b699be8b0611eb3664a7ddd8ddc0a4421611b37292ec3a0e635ea", kill_on_drop: false }`
[INFO] running `Command { std: "docker" "rm" "-f" "c1043cec2a0b699be8b0611eb3664a7ddd8ddc0a4421611b37292ec3a0e635ea", kill_on_drop: false }`
[INFO] [stdout] c1043cec2a0b699be8b0611eb3664a7ddd8ddc0a4421611b37292ec3a0e635ea
[INFO] running `Command { std: "docker" "create" "-v" "/var/lib/crater-agent-workspace/builds/worker-1/target:/opt/rustwide/target:rw,Z" "-v" "/var/lib/crater-agent-workspace/builds/worker-1/source:/opt/rustwide/workdir:ro,Z" "-v" "/var/lib/crater-agent-workspace/cargo-home:/opt/rustwide/cargo-home:ro,Z" "-v" "/var/lib/crater-agent-workspace/rustup-home:/opt/rustwide/rustup-home:ro,Z" "-e" "SOURCE_DIR=/opt/rustwide/workdir" "-e" "CARGO_TARGET_DIR=/opt/rustwide/target" "-e" "CARGO_INCREMENTAL=0" "-e" "RUST_BACKTRACE=full" "-e" "RUSTFLAGS=--cap-lints=forbid" "-e" "CARGO_HOME=/opt/rustwide/cargo-home" "-e" "RUSTUP_HOME=/opt/rustwide/rustup-home" "-w" "/opt/rustwide/workdir" "-m" "1610612736" "--user" "0:0" "--network" "none" "rustops/crates-build-env@sha256:a636fd89d022f18117e1dc8fb37a0a009933cdbbe082814857f0e2024962d47c" "/opt/rustwide/cargo-home/bin/cargo" "+cfbc6d4cf1acbac5c025acf8ed68929caa551df3" "check" "--frozen" "--all" "--all-targets" "--message-format=json", kill_on_drop: false }`
[INFO] [stdout] d04beb2ce20f564bf7c2d69d5f76fc3b7c346e26fb5d60a6949e9f3650bf3269
[INFO] [stderr] WARNING: Your kernel does not support swap limit capabilities or the cgroup is not mounted. Memory limited without swap.
[INFO] running `Command { std: "docker" "start" "-a" "d04beb2ce20f564bf7c2d69d5f76fc3b7c346e26fb5d60a6949e9f3650bf3269", kill_on_drop: false }`
[INFO] [stderr]    Compiling proc-macro2 v1.0.10
[INFO] [stderr]    Compiling unicode-xid v0.2.0
[INFO] [stderr]    Compiling syn v1.0.18
[INFO] [stderr]     Checking cfg-if v0.1.10
[INFO] [stderr]    Compiling autocfg v1.0.0
[INFO] [stderr]    Compiling log v0.4.8
[INFO] [stderr]     Checking futures-core v0.3.5
[INFO] [stderr]     Checking lazy_static v1.4.0
[INFO] [stderr]    Compiling proc-macro-nested v0.1.4
[INFO] [stderr]     Checking fnv v1.0.6
[INFO] [stderr]     Checking futures-sink v0.3.5
[INFO] [stderr]    Compiling proc-macro-hack v0.5.15
[INFO] [stderr]     Checking once_cell v1.3.1
[INFO] [stderr]    Compiling bitflags v1.2.1
[INFO] [stderr]    Compiling openssl v0.10.29
[INFO] [stderr]     Checking foreign-types-shared v0.1.1
[INFO] [stderr]     Checking matches v0.1.8
[INFO] [stderr]     Checking smallvec v1.4.0
[INFO] [stderr]    Compiling serde v1.0.106
[INFO] [stderr]     Checking try-lock v0.2.2
[INFO] [stderr]     Checking openssl-probe v0.1.2
[INFO] [stderr]     Checking percent-encoding v2.1.0
[INFO] [stderr]     Checking tower-service v0.3.0
[INFO] [stderr]     Checking dtoa v0.4.5
[INFO] [stderr]     Checking base64 v0.11.0
[INFO] [stderr]     Checking http v0.2.1
[INFO] [stderr]     Checking futures-channel v0.3.5
[INFO] [stderr]     Checking foreign-types v0.3.2
[INFO] [stderr]     Checking unicode-bidi v0.3.4
[INFO] [stderr]     Checking futures-task v0.3.5
[INFO] [stderr]     Checking encoding_rs v0.8.22
[INFO] [stderr]     Checking unicode-normalization v0.1.12
[INFO] [stderr]     Checking iovec v0.1.4
[INFO] [stderr]     Checking net2 v0.2.33
[INFO] [stderr]     Checking num_cpus v1.13.0
[INFO] [stderr]    Compiling unicase v2.6.0
[INFO] [stderr]     Checking want v0.3.0
[INFO] [stderr]    Compiling openssl-sys v0.9.55
[INFO] [stderr]    Compiling indexmap v1.3.2
[INFO] [stderr]     Checking mio v0.6.21
[INFO] [stderr]    Compiling mime_guess v2.0.3
[INFO] [stderr]    Compiling native-tls v0.2.4
[INFO] [stderr]    Compiling quote v1.0.3
[INFO] [stderr]     Checking idna v0.2.0
[INFO] [stderr]     Checking mio-uds v0.6.7
[INFO] [stderr]     Checking url v2.1.1
[INFO] [stderr]     Checking http-body v0.3.1
[INFO] [stderr]     Checking serde_json v1.0.52
[INFO] [stderr]     Checking serde_urlencoded v0.6.1
[INFO] [stderr]    Compiling pin-project-internal v0.4.9
[INFO] [stderr]    Compiling futures-macro v0.3.5
[INFO] [stderr]    Compiling tokio-macros v0.2.5
[INFO] [stderr]     Checking tokio v0.2.18
[INFO] [stderr]     Checking pin-project v0.4.9
[INFO] [stderr]     Checking futures-util v0.3.5
[INFO] [stderr]     Checking tokio-util v0.3.1
[INFO] [stderr]     Checking tokio-tls v0.3.0
[INFO] [stderr]     Checking h2 v0.2.4
[INFO] [stderr]     Checking futures-executor v0.3.5
[INFO] [stderr]     Checking futures v0.3.5
[INFO] [stderr]     Checking hyper v0.13.5
[INFO] [stderr]     Checking hyper-tls v0.4.1
[INFO] [stderr]     Checking reqwest v0.10.4
[INFO] [stderr]     Checking proxy_checker v0.1.0 (/opt/rustwide/workdir)
[INFO] [stdout] error: expected one of `!`, `.`, `::`, `;`, `?`, `{`, `}`, or an operator, found keyword `let`
[INFO] [stdout]    --> src/main.rs:170:21
[INFO] [stdout]     |
[INFO] [stdout] 168 |                 ActionTypes::REQUIRE_JOB => {g
[INFO] [stdout]     |                                               - expected one of 8 possible tokens
[INFO] [stdout] 169 |                     // let proxy_list = proxy_list;
[INFO] [stdout] 170 |                     let proxy_len = proxy_list.len();
[INFO] [stdout]     |                     ^^^ unexpected token
[INFO] [stdout] 
[INFO] [stdout] 
[INFO] [stdout] error: expected one of `!`, `.`, `::`, `;`, `?`, `{`, `}`, or an operator, found keyword `let`
[INFO] [stdout]    --> src/main.rs:170:21
[INFO] [stdout]     |
[INFO] [stdout] 168 |                 ActionTypes::REQUIRE_JOB => {g
[INFO] [stdout]     |                                               - expected one of 8 possible tokens
[INFO] [stdout] 169 |                     // let proxy_list = proxy_list;
[INFO] [stdout] 170 |                     let proxy_len = proxy_list.len();
[INFO] [stdout]     |                     ^^^ unexpected token
[INFO] [stdout] 
[INFO] [stdout] 
[INFO] [stdout] warning: variant `REQUIRE_JOB` should have an upper camel case name
[INFO] [stdout]   --> src/main.rs:13:5
[INFO] [stdout]    |
[INFO] [stdout] 13 |     REQUIRE_JOB,
[INFO] [stdout]    |     ^^^^^^^^^^^ help: convert the identifier to upper camel case: `RequireJob`
[INFO] [stdout]    |
[INFO] [stdout]    = note: `#[warn(non_camel_case_types)]` on by default
[INFO] [stdout] 
[INFO] [stdout] 
[INFO] [stdout] warning: variant `JOB_SUCCESS` should have an upper camel case name
[INFO] [stdout]   --> src/main.rs:14:5
[INFO] [stdout]    |
[INFO] [stdout] 14 |     JOB_SUCCESS,
[INFO] [stdout]    |     ^^^^^^^^^^^ help: convert the identifier to upper camel case: `JobSuccess`
[INFO] [stdout] 
[INFO] [stdout] 
[INFO] [stdout] warning: variant `JOB_FAILED` should have an upper camel case name
[INFO] [stdout]   --> src/main.rs:15:5
[INFO] [stdout]    |
[INFO] [stdout] 15 |     JOB_FAILED,
[INFO] [stdout]    |     ^^^^^^^^^^ help: convert the identifier to upper camel case: `JobFailed`
[INFO] [stdout] 
[INFO] [stdout] 
[INFO] [stdout] warning: variant `NO_AVAIABLE_JOB` should have an upper camel case name
[INFO] [stdout]   --> src/main.rs:17:5
[INFO] [stdout]    |
[INFO] [stdout] 17 |     NO_AVAIABLE_JOB,
[INFO] [stdout]    |     ^^^^^^^^^^^^^^^ help: convert the identifier to upper camel case: `NoAvaiableJob`
[INFO] [stdout] 
[INFO] [stdout] 
[INFO] [stdout] warning: variant `JOB_REQUIRE_APPROVED` should have an upper camel case name
[INFO] [stdout]   --> src/main.rs:18:5
[INFO] [stdout]    |
[INFO] [stdout] 18 |     JOB_REQUIRE_APPROVED,
[INFO] [stdout]    |     ^^^^^^^^^^^^^^^^^^^^ help: convert the identifier to upper camel case: `JobRequireApproved`
[INFO] [stdout] 
[INFO] [stdout] 
[INFO] [stdout] warning: variant `REQUIRE_JOB` should have an upper camel case name
[INFO] [stdout]   --> src/main.rs:13:5
[INFO] [stdout]    |
[INFO] [stdout] 13 |     REQUIRE_JOB,
[INFO] [stdout]    |     ^^^^^^^^^^^ help: convert the identifier to upper camel case: `RequireJob`
[INFO] [stdout]    |
[INFO] [stdout]    = note: `#[warn(non_camel_case_types)]` on by default
[INFO] [stdout] 
[INFO] [stdout] 
[INFO] [stdout] warning: variant `JOB_SUCCESS` should have an upper camel case name
[INFO] [stdout]   --> src/main.rs:14:5
[INFO] [stdout]    |
[INFO] [stdout] 14 |     JOB_SUCCESS,
[INFO] [stdout]    |     ^^^^^^^^^^^ help: convert the identifier to upper camel case: `JobSuccess`
[INFO] [stdout] 
[INFO] [stdout] 
[INFO] [stdout] warning: variant `JOB_FAILED` should have an upper camel case name
[INFO] [stdout]   --> src/main.rs:15:5
[INFO] [stdout]    |
[INFO] [stdout] 15 |     JOB_FAILED,
[INFO] [stdout]    |     ^^^^^^^^^^ help: convert the identifier to upper camel case: `JobFailed`
[INFO] [stdout] 
[INFO] [stdout] 
[INFO] [stdout] warning: variant `NO_AVAIABLE_JOB` should have an upper camel case name
[INFO] [stdout]   --> src/main.rs:17:5
[INFO] [stdout]    |
[INFO] [stdout] 17 |     NO_AVAIABLE_JOB,
[INFO] [stdout]    |     ^^^^^^^^^^^^^^^ help: convert the identifier to upper camel case: `NoAvaiableJob`
[INFO] [stdout] 
[INFO] [stdout] 
[INFO] [stdout] warning: variant `JOB_REQUIRE_APPROVED` should have an upper camel case name
[INFO] [stdout]   --> src/main.rs:18:5
[INFO] [stdout]    |
[INFO] [stdout] 18 |     JOB_REQUIRE_APPROVED,
[INFO] [stdout]    |     ^^^^^^^^^^^^^^^^^^^^ help: convert the identifier to upper camel case: `JobRequireApproved`
[INFO] [stdout] 
[INFO] [stdout] 
[INFO] [stdout] error: aborting due to previous error; 5 warnings emitted
[INFO] [stdout] 
[INFO] [stdout] 
[INFO] [stderr] error: could not compile `proxy_checker`.
[INFO] [stderr] 
[INFO] [stderr] To learn more, run the command again with --verbose.
[INFO] [stderr] warning: build failed, waiting for other jobs to finish...
[INFO] [stdout] error: aborting due to previous error; 5 warnings emitted
[INFO] [stdout] 
[INFO] [stdout] 
[INFO] [stderr] error: build failed
[INFO] running `Command { std: "docker" "inspect" "d04beb2ce20f564bf7c2d69d5f76fc3b7c346e26fb5d60a6949e9f3650bf3269", kill_on_drop: false }`
[INFO] running `Command { std: "docker" "rm" "-f" "d04beb2ce20f564bf7c2d69d5f76fc3b7c346e26fb5d60a6949e9f3650bf3269", kill_on_drop: false }`
[INFO] [stdout] d04beb2ce20f564bf7c2d69d5f76fc3b7c346e26fb5d60a6949e9f3650bf3269
